Let d = -9 - -23. Suppose 0 = -3*z + 44 - 194. Let x be (-875)/z*56/10. What is the highest common divisor of x and d?
14
Suppose -12980 = 10*t - 12*t - 5*g, t - 6460 = 5*g. Calculate the greatest common divisor of 96 and t.
48
Let u = 56 - 32. Suppose 20 = 5*s - 3*t - 2*t, -4*s + 2*t + u = 0. What is the highest common divisor of 42 and s?
2
Let o = 58 + -48. Suppose 12*a = o*a + 20. What is the highest common divisor of 8 and a?
2
Let v = -35 + 38. Suppose v*m + 0*r = 3*r - 36, -3*m - 5*r = 4. Let k be (-8)/8 - 3*m. What is the greatest common factor of k and 92?
23
Suppose u - 2*j = 3460, -4*u - 3*j + 7*j + 13836 = 0. Calculate the highest common divisor of u and 546.
182
Let y(m) = 14*m**2 + 5*m + 302. Let a be y(-14). What is the greatest common factor of a and 288?
96
Let c be -2 + 0 - (-9 + (-2 - 535)). Suppose -3*d = -4*q - 224, 15*d - 10*d = -3*q + 325. What is the highest common factor of c and d?
68
Let a(r) = r + 6*r**2 + 6*r**2 - 4 - 17*r**2 + r**2 + 5*r**3 + 6*r**2. Let o be a(2). Calculate the greatest common divisor of 598 and o.
46
Let v be 3/9 - (-1 + (-32)/12). Suppose 6*x - x = t - 10, 0 = v*t + 2*x - 128. Let a(s) = 10*s. Let k be a(2). What is the greatest common factor of t and k?
10
Suppose -6369 = -3*q + 2534 + 5452. Calculate the highest common factor of q and 825.
165
Suppose -v - 3744 = -14*v. Let h = -465 - -489. Calculate the greatest common divisor of h and v.
24
Let b be 150/(-4)*(-2)/3 + 3. Suppose -65 = -n + b. Calculate the greatest common factor of 155 and n.
31
Let c(h) = 78*h - 773. Let d be c(23). What is the greatest common divisor of d and 1?
1
Suppose 0 = 2*w - 7 + 1. Suppose -867 = l + 5*z, 666 - 2387 = 2*l - w*z. Let m be 52/39 + (-1 - l/6). What is the highest common divisor of m and 9?
9
Suppose 0 = -d + 21 + 3. Suppose -98*s = -94*s - 248. Suppose s = 4*i + a, 4*i - 54 = 4*a - 9*a. Calculate the greatest common factor of i and d.
8
Let u be 0 - 98/1*1/(-2). Let d be (280/u)/(8/28). What is the highest common divisor of d and 8?
4
Let g(y) = -3*y - 19. Let w be g(-7). Suppose 0 = -4*t + 3*p - w*p + 267, 213 = 3*t - 5*p. What is the highest common factor of t and 308?
22
Suppose -40*o + 15*o - 6*o + 3875 = 0. What is the highest common divisor of o and 3625?
125
Let y = 31472 + -31319. Calculate the highest common divisor of y and 4709.
17
Let d(r) = r**2 + 10*r + 26. Let q be d(-6). Let b be q/(-28)*-178 - (-4)/14. What is the highest common divisor of 377 and b?
13
Let m be (0/(-3 + 1))/(9/3). Suppose m = 5*o - 50 + 15. Suppose -9*g + 6*g + 231 = 0. What is the greatest common divisor of o and g?
7
Let g = 20245 - 20232. Suppose 0 = 8*a - 4*a. Suppose a = -n + 2*t + g, -n - 4*t = n - 58. Calculate the highest common divisor of n and 28.
7
Suppose -26*k + 23091 = 59*k + 2096. What is the highest common factor of 475 and k?
19
Let c be ((-10)/(-4) - -2)*2/3. Suppose 0 = -3*a - 15, 6*d = 5*d + c*a + 55. Calculate the highest common divisor of 64 and d.
8
Let p be (-1)/(-7) - (-27698)/154. Suppose -5*c - 11 = 14, 4*c = 3*b - 80. Calculate the highest common factor of p and b.
20
Suppose 0 = -2*r - 3*r - 3*k + 1527, -2*k + 610 = 2*r. Let x = r - -9. What is the greatest common factor of 45 and x?
45
Suppose 0 = -4*t + 19*a - 20*a + 955, -6 = -2*a. Calculate the highest common divisor of 7973 and t.
119
Suppose 2*m = 6*m - 8. Suppose 9*u + 591 = 2418. Suppose 0 = -28*b + u + 21. What is the greatest common divisor of b and m?
2
Suppose -25*k = -8535 + 7785. Calculate the greatest common divisor of k and 228.
6
Suppose -7*g + 2*g = -75. Suppose 0 = -47*r + 52*r - g. Suppose -4*n - r*u = -131 - 33, -3*u - 26 = -n. Calculate the greatest common factor of n and 95.
19
Let b = -79 + 83. Suppose -b*r = k - 157, 7*k - 2*k = 5*r - 215. Suppose -3*s + 11 = 2*u, -u - s + 2 = -5. What is the highest common factor of r and u?
10
Let j(k) = -k**3 + 41*k**2 - 44*k - 73. Let l be j(39). Suppose -5*c + 2432 + l = f, 5*f + 25 = 0. What is the greatest common divisor of 164 and c?
82
Suppose 0 = -53*w + 52*w + 4. Suppose -w*c + c = -429. Let y = c - 106. Calculate the greatest common divisor of 333 and y.
37
Let a be 4/(9 - 10)*(-66)/1. Suppose 48*u - 59*u = -a. What is the greatest common divisor of 168 and u?
24
Let w(f) = -15*f + 39. Suppose -90 = 5*m - 5*r, m + 3*r = -4*m - 82. Let h be w(m). Let j = -189 + h. Calculate the greatest common divisor of j and 21.
21
Let q be 56/(-2)*(282/24 + -3). Let a = q - -246. What is the highest common divisor of 71 and a?
1
Let k(z) = 9*z**3 + 179*z**2 - 25*z - 10. Let s be k(-20). Let q(p) = 149*p + 1. Let o be q(1). What is the greatest common divisor of o and s?
30
Let u be (-14)/(-6) + 95/3. Suppose 306 = 294*p - 292*p. Calculate the highest common divisor of p and u.
17
Suppose 0 = -2*l + 3*l. Let z be 119 + -3 + (l - -3). Let x = 2678 - 2661. Calculate the greatest common factor of z and x.
17
Suppose 4*h - 11*v + 7*v - 788 = 0, 5*h - 950 = -2*v. What is the highest common factor of h and 144?
48
Let k(o) = 2*o**2 - 17*o - 29. Let h be k(13). Let j = h + -54. Let a be ((1 - 12/8) + 1)*j. What is the highest common divisor of a and 17?
17
Let o = 626 - 406. Suppose 0 = 5*l + 5*r - o, 0 = 2*l - 4*r + 10 - 74. What is the highest common factor of 24 and l?
8
Suppose -40*g + 220 = -36*g. Let l = g + 187. Calculate the highest common factor of 22 and l.
22
Let l(n) = -51*n - 19. Let m be l(-5). Suppose m*j = 231*j + 860. What is the highest common factor of j and 43?
43
Suppose 7*m + 0*m = -0*m. Suppose 4*t + 10 + 2 = m. Let i(p) = -p**3 - 2*p**2 - 3*p - 3. Let b be i(t). What is the highest common divisor of b and 5?
5
Let r = 352 - 152. Suppose -7*p + r = p. Calculate the greatest common factor of 5 and p.
5
Let q(s) = s**3 + 5*s**2 - 4*s - 2. Let h be q(-4). Let f be (h/(-12))/((-3)/36). Let u be f/4 + (-9)/(-6). Calculate the greatest common factor of 9 and u.
9
Let r be ((-2172)/(-1448))/(1*(-6)/(-52468)). Calculate the greatest common factor of r and 13.
13
Let c = -789 - -1720. Let q be -1*(c/(-7) - 2). Calculate the greatest common factor of 60 and q.
15
Let z(b) = 3*b + 81. Let g be z(-30). Let n(l) = -l**2 + l**3 - 6*l + 8*l**2 - 6*l + 20 - 8*l. Let d be n(g). Calculate the greatest common factor of d and 418.
38
Let h be 16/(-10) + 1 - (-91896)/210. Let n = h - 366. What is the greatest common factor of 781 and n?
71
Let f(a) = -637*a - 514. Let b be f(-3). What is the greatest common factor of b and 88?
11
Let l(u) = -3*u**3 - 48*u**2 + 201*u + 125. Let a be l(-24). What is the highest common factor of a and 375?
125
Let r be (-2 - (-28)/12)*111. Let v = -80 + r. Let a = -32 - v. Calculate the highest common factor of a and 11.
11
Let i be 21/(1 - -2) - (3 + 1). Suppose -i*o = -2358 + 174. What is the highest common factor of 91 and o?
91
Let k be ((-460)/(-6))/(3/(-63)*-2). Let t(q) = 10 + k*q**3 + q - 3*q - 803*q**3 + q**2 - 3*q**2. Let b be t(5). What is the highest common factor of b and 40?
40
Let l(c) = 18*c + 5090. Let n be l(-55). Calculate the highest common factor of 100 and n.
100
Let q(f) be the third derivative of f**6/40 - f**5/15 - 7*f**4/12 + 11*f**3/6 - 10*f**2 + f. Let k be q(5). Calculate the highest common divisor of 27 and k.
27
Let u(m) = 259*m**3 - 9*m**2 + 4*m + 13. Let v be u(4). What is the highest common factor of v and 177?
177
Suppose 2*t + c = -2*c + 42, -3*t + 4*c + 80 = 0. Let a(n) = 69*n**2 - 1241*n - 6. Let g be a(18). Calculate the highest common factor of g and t.
12
Let s(q) = 298*q**3 + 4*q**2 + 3*q - 22. Let p be s(4). Calculate the highest common factor of p and 146.
146
Suppose -124409 = 48*s - 335*s + 16795. Calculate the highest common factor of s and 6232.
164
Suppose 0*x - 2*x - 2*x = 0. Suppose -4*c - 2*y + 3402 = 0, -6*y + 2*y + 4 = x. Suppose 5*s = -0*s + c. What is the highest common factor of s and 34?
34
Suppose 4*z = 2*w - 30 - 46, 0 = 4*w + 16. Let u(i) = 2*i**2 + 36*i - 64. Let n be u(z). What is the highest common divisor of n and 93?
31
Suppose 0 = 5*a - 3*l - 37, -4*a = -3*a + 3*l - 11. Suppose 50 = 4*i - 6*v, 86 - 26 = 2*i + 4*v. Calculate the highest common factor of i and a.
4
Let d = 4104 + 5092. Calculate the greatest common factor of d and 76.
76
Let t(b) = -b**2 + 4*b + 157. Let f be t(23). Let q be